-4)/6*(-30)/4. Suppose t*l - 5 = -0*l, -5*m = -4*l + 4. Suppose b - 21 - 39 = m. What is the greatest common divisor of 24 and b?
12
Let r(o) = o**3 + 4*o**2 + 4*o + 2. Let v be r(-2). What is the highest common factor of 8 and v?
2
Let v = -1 + 33. What is the greatest common divisor of 8 and v?
8
Let i be 6 + -3*(-8)/(-12). Suppose -85 = -i*m - m. What is the highest common divisor of m and 136?
17
Suppose 14*x - 9*x - 70 = 0. What is the greatest common divisor of 154 and x?
14
Suppose -2*q + 21 = -2*j + 3, 3*j - 3 = 0. Suppose 0*i + 5*i - 200 = 0. Suppose -b = b - i. Calculate the highest common divisor of q and b.
10
Let v(w) = -2*w**3 + w**2. Let x be v(-1). Suppose 37 = 3*c + 2*l, x*c + 4*l - 29 = -0. What is the greatest common divisor of 3 and c?
3
Let l = -17 + 32. Suppose 0 = 3*b - 0*b - 9. Suppose -b*z + 24 = -l. Calculate the highest common factor of 52 and z.
13
Let a = -2 - -4. Suppose a*b + b = -j + 34, -3*j = -3*b + 18. Suppose -5*w = -0*w - b, 4*y - 24 = 2*w. What is the highest common divisor of y and 63?
7
Let m be (-19)/(-2) - (-1)/2. Calculate the highest common factor of 25 and m.
5
Let d be 3*20*4/24. What is the highest common divisor of 30 and d?
10
Let f be 27 + (-1)/((-2)/6). What is the greatest common divisor of 12 and f?
6
Let r(w) = 2*w**2 - 6*w - 2. Let l be r(7). Suppose 121 = 4*g + 49. Suppose a + a = g. What is the greatest common factor of a and l?
9
Let f(g) = 13*g - 83. Let o be f(7). Calculate the greatest common divisor of o and 1.
1
Let s = 4 - -1. Let k = -46 - -70. Suppose -4 + k = q. What is the greatest common divisor of q and s?
5
Let p = -2 + 3. Calculate the greatest common factor of 1 and p.
1
Let p(d) = -d**3 + 12*d**2 - 10*d - 9. Let m be p(11). Calculate the greatest common factor of 2 and m.
2
Let b(t) be the third derivative of t**5/60 + 5*t**4/24 - t**3/3 + t**2. Let o be b(-4). Let k = -2 - o. Calculate the greatest common divisor of 2 and k.
2
Let i = -33 + 20. Let y = i - -17. What is the greatest common divisor of 1 and y?
1
Suppose -3*y + 2*h + 262 = 0, -3*y + 5*h + 106 = -144. Let l = 106 + -70. What is the greatest common factor of l and y?
18
Let g(l) = -2*l**3 + 5*l + 1. Let k be g(-2). Suppose -3 - 3 = -3*y. Suppose -y*u + 102 + 24 = 0. What is the greatest common factor of u and k?
7
Let y(q) = -q**3 + 11*q**2 - 8*q - 4. Let d be y(10). Calculate the greatest common factor of 8 and d.
8
Let s be ((-10)/8)/((-1)/20). Calculate the highest common factor of 225 and s.
25
Suppose -u + 4*g - 17 = 1, u - g = -6. Let c be (-11)/u*(0 - -38). Calculate the greatest common factor of 19 and c.
19
Suppose -4 = -2*y - 0. Suppose -4*g + 3*g - y = 0. Let v be (g - -2) + 2 - -4. What is the highest common factor of v and 18?
6
Suppose -16*z = -32*z + 192. What is the greatest common divisor of 10 and z?
2
Suppose 28 = 3*m - 17. Calculate the greatest common divisor of m and 20.
5
Let x be (-216)/(-4)*(-8)/(-3). What is the highest common divisor of x and 18?
18
Let c be 12 - (0/2)/(-2). Suppose -2*f + 4 = -3*d + 7*d, 2*d = 4*f + c. What is the greatest common divisor of d and 16?
2
Let z(d) = -d**3 + 4*d**2 - 6. Let k be z(3). Calculate the highest common factor of k and 15.
3
Suppose -f - 4*f + 30 = 0. Let z be (2/f)/(8/72). Suppose 2*a + 3*a = 60. Calculate the greatest common divisor of a and z.
3
Suppose -60 = -h + 17. Suppose -5*y + 3*y = -8. Let o be (-1)/(45/(-11) + y). Calculate the highest common divisor of o and h.
11
Let q be ((-1)/(1/14))/((-4)/6). Suppose -338 - 187 = -5*f. What is the highest common divisor of f and q?
21
Suppose 2*k = 3*x + 2*x + 32, -k = 3*x - 16. What is the highest common factor of 112 and k?
16
Let o = -7 + 27. Suppose -h = 2 - 1. Let d be 19 + (-3 - h)/(-2). Calculate the highest common factor of d and o.
20
Let g be (1 + -1)/(14/7). Suppose -2*p - 3*p + 480 = g. What is the greatest common factor of 16 and p?
16
Let t(i) = -i**2 - 22*i - 14. Let u be t(-16). What is the greatest common divisor of 123 and u?
41
Suppose 3*q - 55 = -n, 5*q - 1 = -5*n + 104. Let m(j) = j**3 + j - 19. Let t be m(0). Let i = t - -36. What is the highest common factor of i and q?
17
Suppose -5*q + 4 = a, -3*a - 4 = 3*q - 4*q. Calculate the highest common factor of q and 1.
1
Let f be ((-3)/(-2))/((-3)/(-6)). Suppose -16 = -f*k + 14. Calculate the highest common divisor of k and 25.
5
Let o = 79 + -31. Calculate the highest common divisor of o and 72.
24
Let l = 46 - 34. Calculate the greatest common factor of 132 and l.
12
Let k = 250 - 110. Suppose 4*r - 84 = -2*w, 0 = 4*r - 2*w - 23 - 53. Calculate the greatest common divisor of r and k.
20
Let d be (6/(-1))/(9/(-6)). Let g be (-3)/(36/(-51))*d. Calculate the highest common divisor of 136 and g.
17
Let s be (9/(-5))/((-63)/210). Calculate the highest common factor of 18 and s.
6
Let y(c) = -c**2 - 10*c - 18. Let h be y(-5). What is the highest common divisor of 63 and h?
7
Let b = -124 + 133. Let j(m) = -3*m - 3. Let o be j(-3). Calculate the highest common factor of o and b.
3
Suppose 4*o - 3*t - 171 = 0, -5*o + 4*t - 206 = -10*o. What is the greatest common factor of 14 and o?
14
Let g(j) = j**3 + 5*j**2 + 3*j - 3. Let m be g(-3). Calculate the highest common factor of m and 48.
6
Let s(c) = c**3 + 6*c**2 - 11*c - 7. Let f be s(-7). Calculate the greatest common factor of 6 and f.
3
Let t be 2/1 + 1 + 27. What is the highest common factor of 12 and t?
6
Let k be 2/4 - 26/(-4). Suppose k*w = 5*w. Suppose w = -5*t - 3*s + 69, -3*t = -s - 4*s - 55. What is the highest common factor of 105 and t?
15
Let i = -124 + 176. Calculate the highest common factor of 39 and i.
13
Let u(a) = 10*a**2 - a - 1. Let b be u(-1). Suppose 2*y + 21 = -y. Let c be (-5 - 0)*(y - -1). What is the greatest common divisor of c and b?
10
Let z be 10 + (-1 - (-1 - -2)). Let r be (3 - -1)*(-1)/(-1). Calculate the greatest common factor of z and r.
4
Suppose 4*v - 991 = -155. Calculate the highest common divisor of v and 19.
19
Let h(x) = x**3 + 5*x**2 - 9*x - 9. Let m be h(-6). Suppose q - 319 = 2*t, -5*q = -8 - 7. Let n = t + 257. Calculate the greatest common divisor of n and m.
9
Let u = 11 - 5. Suppose -o + 13 - 47 = -2*b, -5*b + 3*o = -87. What is the highest common factor of b and u?
3
Let l be (-2)/4 - (-65)/2. Let v = -4 - -8. What is the greatest common divisor of l and v?
4
Let j = 221 - 133. What is the greatest common factor of j and 8?
8
Let a(s) = -s**2 - 14*s + 17. Let z be a(-15). Calculate the greatest common divisor of z and 3.
1
Let s(r) = 2*r**3 - 2*r**2 - 3*r + 1. Let i be s(3). What is the greatest common divisor of 112 and i?
28
Let n(a) = a**3 + 9*a**2 - 1. Let r be n(-9). Let w = r + 17. Calculate the highest common factor of 112 and w.
16
Let m be 2835/(-18) - 1/2. Let y be m/(-8) + (-2)/(-8). What is the greatest common factor of 4 and y?
4
Let x = 2 + 20. Let o = x + 8. Let c = 32 + -12. Calculate the greatest common factor of c and o.
10
Let l be (12/7)/((-492)/126 - -4). Calculate the highest common factor of 45 and l.
9
Let b(c) = -2*c**2 - 17*c - 18. Let g be b(-6). Calculate the greatest common factor of g and 108.
12
Let f = 108 - -2. Calculate the highest common divisor of f and 22.
22
Let q = -3 - -6. Let y be 0 + 0 + (-3 - -3). Suppose -3*t - d + 14 = 0, 2*t + 0*t - 2*d - 20 = y. Calculate the highest common divisor of q and t.
3
Suppose 0*p + 16 = 4*p. Suppose p*z = -z + l + 30, 0 = -z + l + 2. Calculate the greatest common divisor of 28 and z.
7
Let g(v) = 2*v - 2. Let l be g(4). Let p(u) = -5*u + u**3 + u**2 - 6 + u**2 + 3*u**2 - 3*u. Let n be p(-6). What is the highest common factor of l and n?
6
Suppose -3*v + 8 = -2*r, 4*r - v = -3*v - 16. Let f(o) = 2*o**2 + 6*o + 6. Let i be f(r). Calculate the highest common divisor of i and 35.
7
Let w be ((-263)/(-2))/((-2)/(-4)). Let q = w + -65. Let f(d) = -5*d - 7. Let m be f(-5). What is the greatest common divisor of q and m?
18
Let k = -44 + 68. Suppose c - 10 + 4 = 0. Calculate the highest common divisor of c and k.
6
Suppose 4*f = 3 + 297. Suppose -24 = -2*v + 3*a, 0*v - 4*a = 3*v - 53. Calculate the greatest common factor of v and f.
15
Let b be ((-12)/12)/((-1)/(-7)). Let a = 19 + b. Let k be (-2380)/(-18) + 2/(-9). Calculate the highest common divisor of a and